he prime factors of 1923500?
2, 5, 3847
What are the prime factors of 9476420?
2, 5, 659, 719
What are the prime factors of 232300?
2, 5, 23, 101
List the prime factors of 6285391.
7, 631, 1423
What are the prime factors of 193969?
47, 4127
What are the prime factors of 2148310?
2, 5, 214831
List the prime factors of 14504542.
2, 13, 571, 977
List the prime factors of 6409240.
2, 5, 160231
What are the prime factors of 60700?
2, 5, 607
What are the prime factors of 7494296?
2, 29, 32303
List the prime factors of 10989.
3, 11, 37
List the prime factors of 1227614.
2, 613807
What are the prime factors of 3438314?
2, 11, 373, 419
List the prime factors of 784367.
784367
List the prime factors of 4532413.
107, 42359
What are the prime factors of 5257895?
5, 61, 17239
List the prime factors of 3276768.
2, 3, 11, 29, 107
What are the prime factors of 678935?
5, 135787
What are the prime factors of 15650402?
2, 2309, 3389
List the prime factors of 318626.
2, 7, 11, 2069
List the prime factors of 1549487.
23, 67369
List the prime factors of 2252450.
2, 5, 19, 2371
What are the prime factors of 6791958?
2, 3, 125777
What are the prime factors of 1259244?
2, 3, 7, 19, 263
What are the prime factors of 7321959?
3, 59, 13789
What are the prime factors of 22791566?
2, 7, 232567
List the prime factors of 101186.
2, 50593
What are the prime factors of 387340?
2, 5, 107, 181
List the prime factors of 347185.
5, 23, 3019
List the prime factors of 1963796.
2, 490949
List the prime factors of 2606802.
2, 3, 11, 127, 311
List the prime factors of 1009523.
127, 7949
What are the prime factors of 2781662?
2, 13, 83, 1289
What are the prime factors of 17683652?
2, 7, 631559
What are the prime factors of 665378?
2, 7, 47527
What are the prime factors of 7302477?
3, 7, 13, 23, 1163
List the prime factors of 2508836.
2, 11, 19, 3001
What are the prime factors of 9472591?
137, 69143
List the prime factors of 3856631.
3856631
What are the prime factors of 151817?
151817
What are the prime factors of 3899788?
2, 19, 23, 97
What are the prime factors of 1286987?
13, 98999
List the prime factors of 1487489.
1487489
List the prime factors of 3188289.
3, 13, 29, 2819
List the prime factors of 1920382.
2, 960191
List the prime factors of 589581.
3, 109, 601
List the prime factors of 2777005.
5, 7, 11, 7213
List the prime factors of 56951.
56951
What are the prime factors of 410507?
410507
What are the prime factors of 4749354?
2, 3, 19, 1543
List the prime factors of 347063.
347063
List the prime factors of 3079231.
419, 7349
What are the prime factors of 1099017?
3, 19, 6427
What are the prime factors of 8244444?
2, 3, 13, 41, 1289
List the prime factors of 129847.
41, 3167
List the prime factors of 68095.
5, 13619
What are the prime factors of 6243096?
2, 3, 19, 13691
List the prime factors of 3710022.
2, 3, 618337
List the prime factors of 4572463.
7, 653209
What are the prime factors of 117426?
2, 3, 19571
List the prime factors of 323133.
3, 19, 5669
What are the prime factors of 12715083?
3, 487, 967
What are the prime factors of 596040?
2, 3, 5, 4967
What are the prime factors of 192832?
2, 23, 131
List the prime factors of 262442.
2, 131221
What are the prime factors of 5607135?
3, 5, 53, 2351
What are the prime factors of 252074?
2, 126037
List the prime factors of 780223.
780223
List the prime factors of 21505141.
7, 3072163
What are the prime factors of 90523?
90523
What are the prime factors of 5859172?
2, 11, 37, 59, 61
What are the prime factors of 1003137?
3, 334379
What are the prime factors of 1067377?
67, 89, 179
What are the prime factors of 186250?
2, 5, 149
What are the prime factors of 36414686?
2, 7, 11, 179, 1321
What are the prime factors of 1111077?
3, 11, 29, 43
What are the prime factors of 1694508?
2, 3, 141209
What are the prime factors of 18686952?
2, 3, 53, 59, 83
What are the prime factors of 1862054?
2, 521, 1787
What are the prime factors of 11458810?
2, 5, 11, 73, 1427
What are the prime factors of 2585383?
211, 12253
What are the prime factors of 31202812?
2, 23, 339161
List the prime factors of 2579231.
19, 29, 31, 151
What are the prime factors of 1646839?
1646839
What are the prime factors of 12099911?
12099911
What are the prime factors of 13383865?
5, 11, 243343
What are the prime factors of 3358919?
227, 14797
List the prime factors of 639282.
2, 3, 7, 31, 491
List the prime factors of 1690137.
3, 187793
What are the prime factors of 309103?
103, 3001
List the prime factors of 15030713.
67, 263, 853
What are the prime factors of 6595356?
2, 3, 19, 28927
List the prime factors of 129969.
3, 7, 2063
What are the prime factors of 103453?
7, 14779
List the prime factors of 16462363.
421, 39103
List the prime factors of 853482.
2, 3, 7, 2903
List the prime factors of 129408.
2, 3, 337
List the prime factors of 282488.
2, 35311
List the prime factors of 2947394.
2, 19, 77563
List the prime factors of 725989.
11, 31, 2129
What are the prime factors of 20698360?
2, 5, 517459
List the prime factors of 399957.
3, 133319
What are the prime factors of 173360?
2, 5, 11, 197
What are the prime factors of 493335?
3, 5, 19, 577
List the prime factors of 900061.
900061
What are the prime factors of 172801?
172801
List the prime factors of 42661007.
17, 47, 107, 499
What are the prime factors of 3894839?
13, 299603
What are the prime factors of 1614225?
3, 5, 21523
What are the prime factors of 12642912?
2, 3, 14633
List the prime factors of 108168.
2, 3, 4507
What are the prime factors of 289453?
289453
List the prime factors of 954282.
2, 3, 7, 22721
What are the prime factors of 759338?
2, 313, 1213
What are the prime factors of 797931?
3, 9851
What are the prime factors of 307518?
2, 3, 107, 479
What are the prime factors of 190601?
23, 8287
What are the prime factors of 5974803?
3, 17, 4339
List the prime factors of 112643.
112643
What are the prime factors of 81978?
2, 3, 13, 1051
What are the prime factors of 20493386?
2, 10246693
List the prime factors of 3084824.
2, 167, 2309
List the prime factors of 1619759.
1619759
List the prime factors of 5877212.
2, 11, 12143
What are the prime factors of 10914064?
2, 7, 13921
List the prime factors of 2780173.
11, 31, 263
List the prime factors of 6838006.
2, 7, 109, 4481
List the prime factors of 164928.
2, 3, 859
What are the prime factors of 1364462?
2, 11, 109, 569
List the prime factors of 717245.
5, 37, 3877
What are the prime factors of 257928?
2, 3, 11, 977
What are the prime factors of 4037999?
7, 163, 3539
What are the prime factors of 11219506?
2, 487, 11519
List the prime factors of 6195594.
2, 3, 53, 19483
What are the prime factors of 1555894?
2, 71, 10957
List the prime factors of 330944.
2, 5171
List the prime factors of 79504.
2, 4969
List the prime factors of 1211265.
3, 5, 11, 2447
What are the prime factors of 587390?
2, 5, 151, 389
What are the prime factors of 22615714?
2, 11, 1027987
What are the prime factors of 6060261?
3, 139, 14533
What are the prime factors of 71213?
17, 59, 71
List the prime factors of 25896485.
5, 37, 139981
What are the prime factors of 1049169?
3, 11, 31793
What are the prime factors of 887104?
2, 83, 167
What are the prime factors of 3683545?
5, 443, 1663
What are the prime factors of 296901?
3, 11, 2999
What are the prime factors of 399120?
2, 3, 5, 1663
What are the prime factors of 5343551?
5343551
What are the prime factors of 268274?
2, 31, 4327
What are the prime factors of 245931?
3, 7, 239
List the prime factors of 943372.
2, 181, 1303
What are the prime factors of 33010?
2, 5, 3301
What are the prime factors of 460085?
5, 19, 29, 167
What are the prime factors of 7300645?
5, 11, 132739
List the prime factors of 13347981.
3, 23, 64483
What are the prime factors of 1668018?
2, 3, 11, 127, 199
What are the prime factors of 2141844?
2, 3, 178487
What are the prime factors of 555?
3, 5, 37
What are the prime factors of 167366?
2, 67, 1249
What are the prime factors of 10229988?
2, 3, 17, 50147
What are the prime factors of 7295775?
3, 5, 89, 1093
List the prime factors of 479338.
2, 61, 3929
List the prime factors of 12155562.
2, 3, 163, 1381
What are the prime factors of 375628?
2, 11, 8537
What are the prime factors of 24063907?
7, 3437701
Lis